s divided by 66.
43
What is the remainder when 1523 is divided by 45?
38
What is the remainder when 4943 is divided by 1684?
1575
What is the remainder when 4332 is divided by 181?
169
Calculate the remainder when 2021 is divided by 660.
41
What is the remainder when 51305 is divided by 5128?
25
Calculate the remainder when 156577 is divided by 18.
13
What is the remainder when 673620 is divided by 37?
35
Calculate the remainder when 5654 is divided by 69.
65
Calculate the remainder when 29923 is divided by 2989.
33
What is the remainder when 19556 is divided by 54?
8
What is the remainder when 246581 is divided by 61641?
17
What is the remainder when 314659 is divided by 170?
159
Calculate the remainder when 87116 is divided by 1146.
20
What is the remainder when 1175 is divided by 31?
28
Calculate the remainder when 831 is divided by 179.
115
What is the remainder when 235505 is divided by 42?
11
Calculate the remainder when 3161 is divided by 53.
34
What is the remainder when 580 is divided by 283?
14
Calculate the remainder when 13615 is divided by 85.
15
Calculate the remainder when 18769 is divided by 3752.
9
Calculate the remainder when 189325 is divided by 119.
115
What is the remainder when 14267 is divided by 238?
225
What is the remainder when 465747 is divided by 90?
87
Calculate the remainder when 189824 is divided by 49.
47
Calculate the remainder when 10704 is divided by 255.
249
Calculate the remainder when 49872 is divided by 82.
16
What is the remainder when 25122 is divided by 17?
13
Calculate the remainder when 61825 is divided by 1767.
1747
What is the remainder when 19167 is divided by 5757?
1896
Calculate the remainder when 776 is divided by 350.
76
What is the remainder when 22226 is divided by 7405?
11
What is the remainder when 17880 is divided by 63?
51
Calculate the remainder when 22264 is divided by 39.
34
Calculate the remainder when 34691 is divided by 19.
16
What is the remainder when 29198 is divided by 495?
488
Calculate the remainder when 19923 is divided by 9956.
11
Calculate the remainder when 872711 is divided by 744.
743
Calculate the remainder when 11758 is divided by 128.
110
What is the remainder when 1673 is divided by 114?
77
Calculate the remainder when 2224 is divided by 54.
10
Calculate the remainder when 1566512 is divided by 714.
710
Calculate the remainder when 36796 is divided by 9171.
112
What is the remainder when 6844 is divided by 6822?
22
Calculate the remainder when 47079 is divided by 5230.
9
Calculate the remainder when 329 is divided by 87.
68
What is the remainder when 1770 is divided by 243?
69
What is the remainder when 120214 is divided by 105?
94
What is the remainder when 1653 is divided by 75?
3
What is the remainder when 40727 is divided by 97?
84
Calculate the remainder when 10269 is divided by 81.
63
Calculate the remainder when 4643 is divided by 59.
41
What is the remainder when 254928 is divided by 37?
35
Calculate the remainder when 24302 is divided by 12148.
6
What is the remainder when 27116 is divided by 3873?
5
Calculate the remainder when 69486 is divided by 579.
6
Calculate the remainder when 407879 is divided by 1236.
1235
What is the remainder when 20998 is divided by 431?
310
Calculate the remainder when 490264 is divided by 158.
148
What is the remainder when 6904 is divided by 1997?
913
What is the remainder when 5059 is divided by 65?
54
Calculate the remainder when 125353 is divided by 171.
10
What is the remainder when 47256 is divided by 375?
6
What is the remainder when 11147 is divided by 280?
227
Calculate the remainder when 12071 is divided by 80.
71
Calculate the remainder when 2870 is divided by 525.
245
Calculate the remainder when 94331 is divided by 32.
27
What is the remainder when 10274 is divided by 396?
374
What is the remainder when 3035 is divided by 329?
74
Calculate the remainder when 1109 is divided by 790.
319
Calculate the remainder when 20706 is divided by 2354.
1874
What is the remainder when 247878 is divided by 1559?
1556
Calculate the remainder when 6884 is divided by 12.
8
Calculate the remainder when 5698 is divided by 416.
290
What is the remainder when 4097 is divided by 241?
0
Calculate the remainder when 127506 is divided by 18204.
78
What is the remainder when 48651 is divided by 37?
33
Calculate the remainder when 4818 is divided by 97.
65
Calculate the remainder when 35174 is divided by 286.
282
What is the remainder when 207175 is divided by 69054?
13
What is the remainder when 1753421 is divided by 682?
681
What is the remainder when 47135 is divided by 219?
50
What is the remainder when 136070 is divided by 508?
434
What is the remainder when 5122529 is divided by 15?
14
What is the remainder when 35064 is divided by 1479?
1047
Calculate the remainder when 139535 is divided by 151.
11
Calculate the remainder when 10487 is divided by 80.
7
What is the remainder when 40692 is divided by 13556?
24
What is the remainder when 3173 is divided by 1022?
107
What is the remainder when 37883 is divided by 110?
43
What is the remainder when 3826 is divided by 355?
276
Calculate the remainder when 5609 is divided by 16.
9
What is the remainder when 3077 is divided by 2155?
922
What is the remainder when 3181 is divided by 129?
85
What is the remainder when 16874 is divided by 3313?
309
Calculate the remainder when 13843 is divided by 532.
11
What is the remainder when 146703 is divided by 147?
144
What is the remainder when 3151 is divided by 261?
19
What is the remainder when 4157 is divided by 154?
153
Calculate the remainder when 598597 is divided by 77.
76
What is the remainder when 195404 is divided by 18?
14
What is the remainder when 3224 is divided by 33?
23
What is the remainder when 84167 is divided by 386?
19
Calculate the remainder when 69068 is divided by 38.
22
Calculate the remainder when 770624 is divided by 317.
314
Calculate the remainder when 24612 is divided by 58.
20
What is the remainder when 197220 is divided by 3792?
36
What is the remainder when 50024 is divided by 394?
380
Calculate the remainder when 514569 is divided by 15593.
0
What is the remainder when 544 is divided by 260?
24
Calculate the remainder when 153871 is divided by 12.
7
What is the remainder when 15528 is divided by 80?
8
Calculate the remainder when 757 is divided by 93.
13
What is the remainder when 1284 is divided by 179?
31
Calculate the remainder when 10677 is divided by 1777.
15
Calculate the remainder when 16946 is divided by 12.
2
Calculate the remainder when 18514 is divided by 387.
325
Calculate the remainder when 382847 is divided by 38.
35
Calculate the remainder when 8222 is divided by 355.
57
Calculate the remainder when 52314 is divided by 17438.
0
What is the remainder when 100265 is divided by 25064?
9
Calculate the remainder when 50198 is divided by 50.
48
What is the remainder when 1535946 is divided by 511979?
9
What is the remainder when 1162 is divided by 206?
132
What is the remainder when 29955 is divided by 9968?
51
What is the remainder when 2999 is divided by 731?
75
Calculate the remainder when 244308 is divided by 37.
34
What is the remainder when 3588 is divided by 366?
294
What is the remainder when 675472 is divided by 20?
12
Calculate the remainder when 1227 is divided by 243.
12
Calculate the remainder when 193424 is divided by 57.
23
What is the remainder when 11920 is divided by 1?
0
Calculate the remainder when 3340664 is divided by 45.
44
Calculate the remainder when 4991 is divided by 1595.
206
What is the remainder when 196937 is divided by 21?
20
What is the remainder when 74305 is divided by 1126?
1115
What is the remainder when 1719 is divided by 291?
264
What is the remainder when 142 is divided by 76?
66
What is the remainder when 1288836 is divided by 103?
100
What is the remainder when 976 is divided by 343?
290
What is the remainder when 19578 is divided by 146?
14
What is the remainder when 1159 is divided by 9?
7
What is the remainder when 81906 is divided by 3150?
6
Calculate the remainder when 10951 is divided by 3648.
7
Calculate the remainder when 1554 is divided by 773.
8
Calculate the remainder when 10076 is divided by 1103.
149
Calculate the remainder when 108488 is divided by 